. Suppose -b*h + 11201 = 2861. What is the hundreds digit of h?
4
Suppose 0 = 21*a - 973 - 1904. Let s = 331 + a. What is the units digit of s?
8
Let l be ((-30)/25)/((-2)/(-2785)). Let w = l + 2508. What is the tens digit of w?
3
Let n(r) = 9*r - 149. Let w be n(18). Suppose -w*g = 25*g - 34276. What is the hundreds digit of g?
9
Let m(i) = 1800*i - 1697. What is the units digit of m(9)?
3
Let h = -3397 - -1974. Let f = -853 - h. Suppose 0 = -5*s + f + 855. What is the units digit of s?
5
Let x = -2332 - -3446. Suppose 4*b - 1241 = -2*q + 955, 0 = -2*b - 5*q + x. What is the units digit of b?
7
Let u = -802 + 852. Suppose -76*r + 4576 = -u*r. What is the units digit of r?
6
Let x = 62 - 14. Suppose -t = -4*a - x, 2*a + 102 = 4*t + 4*a. Let k(d) = d**2 - 23*d - 23. What is the hundreds digit of k(t)?
1
Let n(s) = 2*s**2 - 46*s - 70. Suppose -7*k + 30 = -6*k + 2*w, 0 = 2*w. What is the tens digit of n(k)?
5
Let y = -328 - -353. Suppose 0 = -10*i + y*i - 11100. What is the tens digit of i?
4
What is the units digit of (((-244395)/(-6))/(-1))/((-53)/((-6784)/(-96)))?
0
Let b(j) = 3*j**2 - 51*j - 874. What is the tens digit of b(111)?
2
Let f = 79040 + -34163. What is the units digit of f?
7
What is the tens digit of ((-64068)/(-95))/(6/45)?
5
Suppose 37*q - 65616 = 21*q. What is the units digit of q?
1
Suppose 0 = 19*j + 6*j. What is the units digit of 0 + (1903 + 0 - (j + -3))?
6
Let z(c) = 54*c**3 + 52*c**2 + 15*c - 16. What is the tens digit of z(10)?
3
Suppose 195 + 10 = 5*o. Let d = -45 + o. What is the hundreds digit of (0 + 12/5)*(-310)/d?
1
Suppose -2*k - 5*b = -333, -4*k + b - 321 = -6*k. Let o be -60*3*(-16)/9. Let h = o - k. What is the tens digit of h?
6
Suppose -8*l = 4 + 12. What is the units digit of -1*(l/4 + (-740)/8)?
3
Let j be 2412/8*(-2)/3. What is the units digit of -5 + j/(-39) + 15286/13?
6
Suppose 4*r + 3*s - 137 = 0, 2*r - 4*s = -r + 134. Suppose 0 = r*c - 33*c - 20. What is the units digit of (-164)/(-6)*(-2)/c*-6?
2
Let k be (-2 + 48)*(7 + (-225)/(-18)). Let h = 2603 - k. What is the thousands digit of h?
1
Let x = -11399 - -30907. What is the units digit of x?
8
Let r(m) = -2390*m + 11789. What is the units digit of r(-33)?
9
Let z(f) = -2 + 22*f + 23 + 3*f + 22*f. What is the hundreds digit of z(9)?
4
Suppose -1255 = 8*j - 9*j. Suppose -2*l + 323 = 5*c - 212, 5*l - 4*c = j. What is the hundreds digit of l?
2
What is the hundreds digit of (167184/(-903))/(2/(-427))?
5
Let m be 182/(-21)*6/(-4) - -3. Suppose -5*t - 1 = -4*i - m, 2*t + 27 = -5*i. What is the units digit of 2*t/(-2) - -12?
3
Let a = 34525 + -11459. What is the ten thousands digit of a?
2
Let z(d) = -25*d + 5. Let o(k) = -75*k + 14. Let f(c) = 6*o(c) - 17*z(c). Let p be -2*(-22)/33*(-18)/4. What is the tens digit of f(p)?
4
Suppose -5*b + 45446 = -f, b - 21*f - 9098 = -23*f. What is the thousands digit of b?
9
Suppose 14*j + 1745408 = 96*j + 330662. What is the units digit of j?
3
Let r be -6*((-1 - (-30)/(-9)) + 4). Suppose -4*d = -12, -r*s - 3*d = -504 - 147. Let u = s + -140. What is the units digit of u?
1
Suppose -2101 + 711 = -5*s. Suppose -5*f = 2*a - s, -2*a - 3*f + 82 + 188 = 0. What is the hundreds digit of a?
1
Suppose -3*v + 10086 = 3*j, -j + 11 - 9 = 0. What is the tens digit of v?
6
Let c be (-2 + 9)*(-8)/(-14). Suppose -4*y = -c*w - 0*y + 348, y = 5*w - 419. What is the tens digit of w?
8
Let h(z) = z**2 - 4*z + 3. Let i be h(2). Let k be i/((-8)/12)*152. Suppose 0 = 29*t - 26*t - k. What is the units digit of t?
6
Let f(u) = -u**3 + 15*u**2 + 21*u - 42. Let x be f(16). Suppose -17 = 2*s + b - 2*b, 0 = -4*s + b - 31. Let q = s + x. What is the units digit of q?
1
Let j(o) = 2*o - 8. Let k be j(5). Suppose 4*s - 1246 = -k*a, s = -a - 3*s + 613. What is the units digit of a?
3
Let m = -13203 - -50020. What is the hundreds digit of m?
8
Suppose 9*v - 6700 = 5*v. Suppose -v = -2*g + 5*o, 6*g = 9*g + 3*o - 2502. Suppose -5*b + g = -5*k, 0*b - 2*b - 2*k = -314. What is the hundreds digit of b?
1
Let v(g) = g**3 - 69*g**2 - 77*g - 765. What is the hundreds digit of v(74)?
9
Suppose -19*o = -21*o + 10. What is the tens digit of 171 - (-4 + o - 1)?
7
Let s(h) = 178*h**2 - h - 68. What is the units digit of s(-5)?
7
Suppose 3*x = -3*o + 24009, 80*o + 7991 = x + 78*o. What is the thousands digit of x?
7
Let b(z) = -3*z**3 + 77*z**2 + 27*z - 50. What is the tens digit of b(25)?
7
Let k = 111872 + -57475. What is the tens digit of k?
9
What is the hundreds digit of 10*(-15011)/(-170)*(1 + 21)?
4
What is the tens digit of 5/1*(((-249992)/(-40) - -6) + 8)?
1
Suppose -42*s - 20*s = -477028. What is the units digit of s?
4
Let x = 25613 - 3378. What is the units digit of x?
5
Let u be (-6 + -781)/((-6)/42). What is the hundreds digit of u/49 + (-6)/14?
1
Suppose -7*q = -5*q + 12. What is the units digit of (4 + -5 - -1 - q) + 80?
6
Let k = 972 - -603. What is the thousands digit of k?
1
Let a(v) = -44*v - 192. Let j(o) = 264*o + 1147. Let k(r) = -34*a(r) - 6*j(r). What is the units digit of k(-12)?
2
Suppose -33*a - 30 = -43*a. Let d be (-15)/6*8/(-10). Suppose -2*k + 163 = a*m, d*k + 2*m - 158 = -0*m. What is the units digit of k?
4
Let k = -80 - -83. Suppose -3*y - 2*d - 3 = 3, -9 = 5*y + k*d. Suppose 4*q = 2*w + 662, 3*q = -y*q - 4*w + 524. What is the units digit of q?
8
What is the tens digit of ((-430218)/(-108))/(3/(8 + -2))?
6
Let x(k) = 174*k**3 - 8*k**2 + 25*k + 55. What is the thousands digit of x(7)?
9
Let f(b) = b**2 - 167*b + 41. What is the tens digit of f(-44)?
2
Let q(n) = -n**2 + 8*n - 12. Let x be q(4). Suppose -847 = -x*d + d - m, 5*d - 1417 = m. What is the tens digit of d?
8
Let p(o) be the second derivative of 1/2*o**2 + 0 + o - 1/3*o**3 + 1/6*o**4 + 97/10*o**5. What is the units digit of p(1)?
5
Let m(y) = 3*y**2 + 225*y + 325. What is the units digit of m(-109)?
3
Let l(k) = -k**3 + 4*k**2 - k - 1. Let f be l(2). Suppose 0*a + f*a + 30 = 0. What is the units digit of a/3 - (-2 + 2 + -33)?
1
Let t = 69 + -66. Suppose k - 5*f - 409 = 0, -t*k - k + 2*f = -1726. Suppose -k = -4*c - 3*b - 36, 5*c - 488 = b. What is the units digit of c?
8
Let y(w) = w**2 - 14*w + 7. Let v be y(14). Suppose 5*s - 3036 = -v*s. What is the tens digit of s?
5
Let b(n) = 190*n**3 + 2*n**2 - 9*n + 7. What is the thousands digit of b(2)?
1
Let n(d) = 3*d**2 - 61*d - 42. Suppose -4*p = 11*p - 345. What is the units digit of n(p)?
2
Let x = 6514 + -198. What is the thousands digit of x?
6
Let n(g) = -g**3 + 43*g**2 - g + 662. What is the thousands digit of n(32)?
1
Let a(r) = -r**2 + 54*r - 534. Let q be a(37). Let z be 4/(-14) - (-178)/(-14). Let b = q + z. What is the units digit of b?
2
Let b(n) = 201*n**2 + 17*n - 2. Let c(o) = 67*o**2 + 6*o - 1. Let p(g) = 6*b(g) - 17*c(g). What is the hundreds digit of p(2)?
2
Suppose -243*b = -236*b - 9149. What is the units digit of b?
7
Suppose -6*o = 58 + 32. Let j be (o/10)/((-4)/24). What is the units digit of 70/(-6)*j/(-5)?
1
Let d = -3716 + 4648. What is the hundreds digit of d?
9
Suppose 4*q = 31 - 7. What is the tens digit of 399/6 - (-9)/q?
6
Suppose -78*d + 39*d - 235224 = -83*d. What is the hundreds digit of d?
3
Suppose -5*c + 17 = 5*h - h, 15 = 3*c. Let r(q) = -5*q - 6. Let u be r(h). Suppose 20 = 4*s + u*t - 44, 2*t + 108 = 5*s. What is the units digit of s?
0
Let j(p) = -370*p - 28. Let s be j(-5). Suppose 6*a - 3*a - s = -y, 0 = -4*y + 16. Suppose g + 807 = 4*t, -2*t + g = t - a. What is the hundreds digit of t?
2
Suppose 5*x + 4*k = 55, 0 = -2*x + 2*k + k + 22. Suppose 1749 = 5*d - 3*y, 2*d + 13*y = x*y + 706. What is the hundreds digit of d?
3
Let c(z) be the second derivative of z**8/1120 + 2*z**4 - 25*z. Let h(n) be the third derivative of c(n). What is the units digit of h(1)?
6
Let a(p) = 8 + 750*p**2 + 24*p + 756*p**2 - 1501*p**2. Let z = -18 + 13. What is the units digit of a(z)?
3
Let r be ((-3)/2)/(18/48). What is the hundreds digit of (2150/15)/(r/(-6))?
2
Let o = 5133 + 8293. What is the hundreds digit of o?
4
Let w(u) = -7*u**3 - 11*u**2 + 46*u - 88. What is the thousands digit of w(-12)?
9
Let n = -15 - -54. Let v be (13/n)/(2/234). Let b = v - -121. What is the tens digit of b?
6
Suppose q = f + 4032 + 4510, 42752 = 5*q + 2*f. What is the hundreds digit of q?
5
Let c(m) = -11*m + 35. L